{"id":6123,"date":"2026-03-17T10:31:05","date_gmt":"2026-03-17T13:31:05","guid":{"rendered":"https:\/\/filhosdaterra.org\/?page_id=6123"},"modified":"2026-04-29T07:25:46","modified_gmt":"2026-04-29T10:25:46","slug":"circuito-de-educacao-patrimonial","status":"publish","type":"page","link":"https:\/\/filhosdaterra.org\/en\/circuito-de-educacao-patrimonial\/","title":{"rendered":"Circuito de Educa\u00e7\u00e3o Patrimonial"},"content":{"rendered":"","protected":false},"excerpt":{"rendered":"","protected":false},"author":1,"featured_media":0,"parent":0,"menu_order":0,"comment_status":"closed","ping_status":"closed","template":"page-circuito.php","meta":{"content-type":"","inline_featured_image":false,"footnotes":""},"acf":[],"yoast_head":"<!-- This site is optimized with the Yoast SEO plugin v22.2 - https:\/\/yoast.com\/wordpress\/plugins\/seo\/ -->\n<title>Circuito de Educa\u00e7\u00e3o Patrimonial - Filhos da Terra - Diversidade e Cultura<\/title>\n<meta name=\"robots\" content=\"index, follow, max-snippet:-1, max-image-preview:large, max-video-preview:-1\" \/>\n<link rel=\"canonical\" href=\"https:\/\/filhosdaterra.org\/en\/circuito-de-educacao-patrimonial\/\" \/>\n<meta property=\"og:locale\" content=\"en_US\" \/>\n<meta property=\"og:type\" content=\"article\" \/>\n<meta property=\"og:title\" content=\"Circuito de Educa\u00e7\u00e3o Patrimonial - Filhos da Terra - Diversidade e Cultura\" \/>\n<meta property=\"og:url\" content=\"https:\/\/filhosdaterra.org\/en\/circuito-de-educacao-patrimonial\/\" \/>\n<meta property=\"og:site_name\" content=\"Filhos da Terra - Diversidade e Cultura\" \/>\n<meta property=\"article:modified_time\" content=\"2026-04-29T10:25:46+00:00\" \/>\n<meta property=\"og:image\" content=\"https:\/\/filhosdaterra.org\/wp-content\/uploads\/2026\/03\/social-share.jpg\" \/>\n\t<meta property=\"og:image:width\" content=\"1031\" \/>\n\t<meta property=\"og:image:height\" content=\"580\" \/>\n\t<meta property=\"og:image:type\" content=\"image\/jpeg\" \/>\n<meta name=\"twitter:card\" content=\"summary_large_image\" \/>\n<meta name=\"twitter:image\" content=\"https:\/\/filhosdaterra.org\/wp-content\/uploads\/2026\/03\/social-share.jpg\" \/>\n<script type=\"application\/ld+json\" class=\"yoast-schema-graph\">{\"@context\":\"https:\/\/schema.org\",\"@graph\":[{\"@type\":\"WebPage\",\"@id\":\"https:\/\/filhosdaterra.org\/circuito-de-educacao-patrimonial\/\",\"url\":\"https:\/\/filhosdaterra.org\/circuito-de-educacao-patrimonial\/\",\"name\":\"Circuito de Educa\u00e7\u00e3o Patrimonial - Filhos da Terra - Diversidade e Cultura\",\"isPartOf\":{\"@id\":\"https:\/\/filhosdaterra.org\/#website\"},\"datePublished\":\"2026-03-17T13:31:05+00:00\",\"dateModified\":\"2026-04-29T10:25:46+00:00\",\"breadcrumb\":{\"@id\":\"https:\/\/filhosdaterra.org\/circuito-de-educacao-patrimonial\/#breadcrumb\"},\"inLanguage\":\"en-US\",\"potentialAction\":[{\"@type\":\"ReadAction\",\"target\":[\"https:\/\/filhosdaterra.org\/circuito-de-educacao-patrimonial\/\"]}]},{\"@type\":\"BreadcrumbList\",\"@id\":\"https:\/\/filhosdaterra.org\/circuito-de-educacao-patrimonial\/#breadcrumb\",\"itemListElement\":[{\"@type\":\"ListItem\",\"position\":1,\"name\":\"In\u00edcio\",\"item\":\"https:\/\/filhosdaterra.org\/\"},{\"@type\":\"ListItem\",\"position\":2,\"name\":\"Circuito de Educa\u00e7\u00e3o Patrimonial\"}]},{\"@type\":\"WebSite\",\"@id\":\"https:\/\/filhosdaterra.org\/#website\",\"url\":\"https:\/\/filhosdaterra.org\/\",\"name\":\"Filhos da Terra - Diversidade e Cultura\",\"description\":\"O projeto busca documentar e mostrar ao Brasil quem \u00e9 o povo brasileiro, como s\u00e3o suas festas e celebra\u00e7\u00f5es.\",\"publisher\":{\"@id\":\"https:\/\/filhosdaterra.org\/#organization\"},\"potentialAction\":[{\"@type\":\"SearchAction\",\"target\":{\"@type\":\"EntryPoint\",\"urlTemplate\":\"https:\/\/filhosdaterra.org\/?s={search_term_string}\"},\"query-input\":\"required name=search_term_string\"}],\"inLanguage\":\"en-US\"},{\"@type\":\"Organization\",\"@id\":\"https:\/\/filhosdaterra.org\/#organization\",\"name\":\"Filhos da Terra - Diversidade e Cultura\",\"url\":\"https:\/\/filhosdaterra.org\/\",\"logo\":{\"@type\":\"ImageObject\",\"inLanguage\":\"en-US\",\"@id\":\"https:\/\/filhosdaterra.org\/#\/schema\/logo\/image\/\",\"url\":\"https:\/\/filhosdaterra.org\/wp-content\/uploads\/2022\/08\/logo-filhos-da-terra.png\",\"contentUrl\":\"https:\/\/filhosdaterra.org\/wp-content\/uploads\/2022\/08\/logo-filhos-da-terra.png\",\"width\":600,\"height\":517,\"caption\":\"Filhos da Terra - Diversidade e Cultura\"},\"image\":{\"@id\":\"https:\/\/filhosdaterra.org\/#\/schema\/logo\/image\/\"}}]}<\/script>\n<!-- \/ Yoast SEO plugin. -->","yoast_head_json":{"title":"Circuito de Educa\u00e7\u00e3o Patrimonial - Filhos da Terra - Diversidade e Cultura","robots":{"index":"index","follow":"follow","max-snippet":"max-snippet:-1","max-image-preview":"max-image-preview:large","max-video-preview":"max-video-preview:-1"},"canonical":"https:\/\/filhosdaterra.org\/en\/circuito-de-educacao-patrimonial\/","og_locale":"en_US","og_type":"article","og_title":"Circuito de Educa\u00e7\u00e3o Patrimonial - Filhos da Terra - Diversidade e Cultura","og_url":"https:\/\/filhosdaterra.org\/en\/circuito-de-educacao-patrimonial\/","og_site_name":"Filhos da Terra - Diversidade e Cultura","article_modified_time":"2026-04-29T10:25:46+00:00","og_image":[{"width":1031,"height":580,"url":"https:\/\/filhosdaterra.org\/wp-content\/uploads\/2026\/03\/social-share.jpg","type":"image\/jpeg"}],"twitter_card":"summary_large_image","twitter_image":"https:\/\/filhosdaterra.org\/wp-content\/uploads\/2026\/03\/social-share.jpg","schema":{"@context":"https:\/\/schema.org","@graph":[{"@type":"WebPage","@id":"https:\/\/filhosdaterra.org\/circuito-de-educacao-patrimonial\/","url":"https:\/\/filhosdaterra.org\/circuito-de-educacao-patrimonial\/","name":"Circuito de Educa\u00e7\u00e3o Patrimonial - Filhos da Terra - Diversidade e Cultura","isPartOf":{"@id":"https:\/\/filhosdaterra.org\/#website"},"datePublished":"2026-03-17T13:31:05+00:00","dateModified":"2026-04-29T10:25:46+00:00","breadcrumb":{"@id":"https:\/\/filhosdaterra.org\/circuito-de-educacao-patrimonial\/#breadcrumb"},"inLanguage":"en-US","potentialAction":[{"@type":"ReadAction","target":["https:\/\/filhosdaterra.org\/circuito-de-educacao-patrimonial\/"]}]},{"@type":"BreadcrumbList","@id":"https:\/\/filhosdaterra.org\/circuito-de-educacao-patrimonial\/#breadcrumb","itemListElement":[{"@type":"ListItem","position":1,"name":"In\u00edcio","item":"https:\/\/filhosdaterra.org\/"},{"@type":"ListItem","position":2,"name":"Circuito de Educa\u00e7\u00e3o Patrimonial"}]},{"@type":"WebSite","@id":"https:\/\/filhosdaterra.org\/#website","url":"https:\/\/filhosdaterra.org\/","name":"Filhos da Terra - Diversidade e Cultura","description":"O projeto busca documentar e mostrar ao Brasil quem \u00e9 o povo brasileiro, como s\u00e3o suas festas e celebra\u00e7\u00f5es.","publisher":{"@id":"https:\/\/filhosdaterra.org\/#organization"},"potentialAction":[{"@type":"SearchAction","target":{"@type":"EntryPoint","urlTemplate":"https:\/\/filhosdaterra.org\/?s={search_term_string}"},"query-input":"required name=search_term_string"}],"inLanguage":"en-US"},{"@type":"Organization","@id":"https:\/\/filhosdaterra.org\/#organization","name":"Filhos da Terra - Diversidade e Cultura","url":"https:\/\/filhosdaterra.org\/","logo":{"@type":"ImageObject","inLanguage":"en-US","@id":"https:\/\/filhosdaterra.org\/#\/schema\/logo\/image\/","url":"https:\/\/filhosdaterra.org\/wp-content\/uploads\/2022\/08\/logo-filhos-da-terra.png","contentUrl":"https:\/\/filhosdaterra.org\/wp-content\/uploads\/2022\/08\/logo-filhos-da-terra.png","width":600,"height":517,"caption":"Filhos da Terra - Diversidade e Cultura"},"image":{"@id":"https:\/\/filhosdaterra.org\/#\/schema\/logo\/image\/"}}]}},"_links":{"self":[{"href":"https:\/\/filhosdaterra.org\/en\/wp-json\/wp\/v2\/pages\/6123"}],"collection":[{"href":"https:\/\/filhosdaterra.org\/en\/wp-json\/wp\/v2\/pages"}],"about":[{"href":"https:\/\/filhosdaterra.org\/en\/wp-json\/wp\/v2\/types\/page"}],"author":[{"embeddable":true,"href":"https:\/\/filhosdaterra.org\/en\/wp-json\/wp\/v2\/users\/1"}],"replies":[{"embeddable":true,"href":"https:\/\/filhosdaterra.org\/en\/wp-json\/wp\/v2\/comments?post=6123"}],"version-history":[{"count":63,"href":"https:\/\/filhosdaterra.org\/en\/wp-json\/wp\/v2\/pages\/6123\/revisions"}],"predecessor-version":[{"id":6743,"href":"https:\/\/filhosdaterra.org\/en\/wp-json\/wp\/v2\/pages\/6123\/revisions\/6743"}],"wp:attachment":[{"href":"https:\/\/filhosdaterra.org\/en\/wp-json\/wp\/v2\/media?parent=6123"}],"curies":[{"name":"wp","href":"https:\/\/api.w.org\/{rel}","templated":true}]}}

Circuito de Educação Patrimonial

<!-- This site is optimized with the Yoast SEO plugin v22.2 - https://yoast.com/wordpress/plugins/seo/ -->
<title>Circuito de Educação Patrimonial - Filhos da Terra - Diversidade e Cultura</title>
<meta name="robots" content="index, follow, max-snippet:-1, max-image-preview:large, max-video-preview:-1" />
<link rel="canonical" href="https://filhosdaterra.org/en/circuito-de-educacao-patrimonial/" />
<meta property="og:locale" content="en_US" />
<meta property="og:type" content="article" />
<meta property="og:title" content="Circuito de Educação Patrimonial - Filhos da Terra - Diversidade e Cultura" />
<meta property="og:url" content="https://filhosdaterra.org/en/circuito-de-educacao-patrimonial/" />
<meta property="og:site_name" content="Filhos da Terra - Diversidade e Cultura" />
<meta property="article:modified_time" content="2026-04-29T10:25:46+00:00" />
<meta property="og:image" content="https://filhosdaterra.org/wp-content/uploads/2026/03/social-share.jpg" />
	<meta property="og:image:width" content="1031" />
	<meta property="og:image:height" content="580" />
	<meta property="og:image:type" content="image/jpeg" />
<meta name="twitter:card" content="summary_large_image" />
<meta name="twitter:image" content="https://filhosdaterra.org/wp-content/uploads/2026/03/social-share.jpg" />
<script type="application/ld+json" class="yoast-schema-graph">{"@context":"https://schema.org","@graph":[{"@type":"WebPage","@id":"https://filhosdaterra.org/circuito-de-educacao-patrimonial/","url":"https://filhosdaterra.org/circuito-de-educacao-patrimonial/","name":"Circuito de Educação Patrimonial - Filhos da Terra - Diversidade e Cultura","isPartOf":{"@id":"https://filhosdaterra.org/#website"},"datePublished":"2026-03-17T13:31:05+00:00","dateModified":"2026-04-29T10:25:46+00:00","breadcrumb":{"@id":"https://filhosdaterra.org/circuito-de-educacao-patrimonial/#breadcrumb"},"inLanguage":"en-US","potentialAction":[{"@type":"ReadAction","target":["https://filhosdaterra.org/circuito-de-educacao-patrimonial/"]}]},{"@type":"BreadcrumbList","@id":"https://filhosdaterra.org/circuito-de-educacao-patrimonial/#breadcrumb","itemListElement":[{"@type":"ListItem","position":1,"name":"Início","item":"https://filhosdaterra.org/"},{"@type":"ListItem","position":2,"name":"Circuito de Educação Patrimonial"}]},{"@type":"WebSite","@id":"https://filhosdaterra.org/#website","url":"https://filhosdaterra.org/","name":"Filhos da Terra - Diversidade e Cultura","description":"O projeto busca documentar e mostrar ao Brasil quem é o povo brasileiro, como são suas festas e celebrações.","publisher":{"@id":"https://filhosdaterra.org/#organization"},"potentialAction":[{"@type":"SearchAction","target":{"@type":"EntryPoint","urlTemplate":"https://filhosdaterra.org/?s={search_term_string}"},"query-input":"required name=search_term_string"}],"inLanguage":"en-US"},{"@type":"Organization","@id":"https://filhosdaterra.org/#organization","name":"Filhos da Terra - Diversidade e Cultura","url":"https://filhosdaterra.org/","logo":{"@type":"ImageObject","inLanguage":"en-US","@id":"https://filhosdaterra.org/#/schema/logo/image/","url":"https://filhosdaterra.org/wp-content/uploads/2022/08/logo-filhos-da-terra.png","contentUrl":"https://filhosdaterra.org/wp-content/uploads/2022/08/logo-filhos-da-terra.png","width":600,"height":517,"caption":"Filhos da Terra - Diversidade e Cultura"},"image":{"@id":"https://filhosdaterra.org/#/schema/logo/image/"}}]}</script>
<!-- / Yoast SEO plugin. -->

Circuito de Educação Patrimonial - Filhos da Terra - Diversidade e Cultura

Início

O projeto busca documentar e mostrar ao Brasil quem é o povo brasileiro, como são suas festas e celebrações.
